{"id":20,"date":"2011-03-22T17:23:07","date_gmt":"2011-03-22T17:23:07","guid":{"rendered":"http:\/\/mayday-wien.org\/?page_id=20"},"modified":"2018-03-07T10:58:03","modified_gmt":"2018-03-07T09:58:03","slug":"archiv","status":"publish","type":"page","link":"https:\/\/mayday.jetzt\/index.php\/archiv\/","title":{"rendered":"bisherige Paraden!"},"content":{"rendered":"<h2><a href=\"https:\/\/mayday.jetzt\/wp-content\/uploads\/2016\/04\/header010516.jpg\"><img loading=\"lazy\" decoding=\"async\" class=\"alignnone wp-image-622\" src=\"https:\/\/mayday.jetzt\/wp-content\/uploads\/2016\/04\/header010516.jpg\" alt=\"header010516\" width=\"1097\" height=\"376\" \/><\/a><\/h2>\n<p>MAYDAY 2016 &#8211; Die *MAYDAY* bietet seit 2005 einen Bezugspunkt f\u00fcr soziale K\u00e4mpfe in Wien. Mit einigen Unterbrechungen (2009-10, 2015) gehen wir gemeinsam auf die Stra\u00dfe, um prek\u00e4re Verh\u00e4ltnisse auf lebhafte und kollektive Weise zu thematisieren.<br \/>\nPrekarisierung bedeutet der Wandel von rechtlich und sozial<br \/>\nabgesicherten Lebens- und Arbeitsverh\u00e4ltnissen hin zu unsicheren, weil widerruflichen oder nicht anerkannten bis zu ausbeutenden T\u00e4tigkeiten.<\/p>\n<p>Start und Endpunkt f\u00fcr die MAYDAY ist die *Thelemangasse*, wo gemeinsam mit dem *mo.\u00eb* *(http:\/\/www.moe-vienna.org\/)* eine *Kundgebung von 11-22h* stattfindet \u2013 mit Infost\u00e4nden \u2013 Kinderprogramm \u2013 Siebdruck \u2013 Redebeitr\u00e4ge \u2013 Bands!<\/p>\n<p>Das mo.\u00eb ist ein von Verdr\u00e4ngung durch die Immobilienfirma Vestwerk bedrohter Kulturraum. Vestwerk hat das Geb\u00e4ude g\u00fcnstig gekauft und will nun das mo.\u00eb r\u00e4umen lassen, um stattdessen teuer zu erstehende Lofts zu bauen. Das Brunnenviertel soll so St\u00fcck f\u00fcr St\u00fcck gentrifiziert, jetzige<br \/>\nAnwohner*innen und Raumnutzer*innen verdr\u00e4ngt werden.<\/p>\n<p>Die MAYDAY wird dieses Jahr daher eine kurze, aber \u00f6rtlich bewusst ausgew\u00e4hlte Route haben. Musik aus der Dose ist w\u00e4hrend Demo nicht geplant, vielmehr soll es darum gehen gemeinsam aktiv laut zu sein (Trommeln, T\u00f6pfe, Stimmen, Instrumente\u2026). F\u00fcr die Redebeitr\u00e4ge soll es eine Anlage auf einem Lastenrad geben.<\/p>\n<h2>EuroMayDay [Wien]<\/h2>\n<blockquote><p>\u00bbMayDay! MayDay! Wir sind das Prekariat! Auf Abruf verf\u00fcgbar, nach Belieben auszubeuten und k\u00fcndigbar nach Lust und Laune: Wir sind wendige JongleurInnen unserer Jobs, wahre Schlangenmenschen der Flexibilit\u00e4t. Aber seid auf der Hut: Wir sind drauf und dran, unsere prek\u00e4ren K\u00e4mpfe zu vernetzen!\u00ab <a href=\"http:\/\/euromayday.at\" target=\"_blank\" rel=\"noopener\">Weiterlesen&#8230;<\/a><\/p><\/blockquote>\n<p><a href=\"http:\/\/euromayday.at\" target=\"_blank\" rel=\"noopener\"><img loading=\"lazy\" decoding=\"async\" class=\"alignright wp-image-3831 \" src=\"https:\/\/mayday.jetzt\/wp-content\/uploads\/2018\/03\/MDbannerhaende.gif\" alt=\"MDbannerhaende\" width=\"281\" height=\"354\" \/><\/a><\/p>\n<p>10 Jahre ist es her, seitdem mit dem EuroMayDay der letzte Versuch gestartet wurde, eine branchen\u00fcbergreifende und transnationale Organisierung zu initiieren. Diese Aktivit\u00e4ten der Prek\u00e4ren breiteten sich von Italien, \u00fcber Spanien schlie\u00dflich ab 2005 auch nach \u00d6sterreich aus. Prek\u00e4r Besch\u00e4ftigte aus unterschiedlichen L\u00e4ndern und Branchen gingen mit Erwerbslosen gemeinsam auf die Stra\u00dfe, machen sich selber und die eigenen Anliegen sichtbar und k\u00e4mpfen f\u00fcr die eigenen Rechte, lautete das Konzept.<\/p>\n<h3>\u2026ein Gespenst geht um\u2026<\/h3>\n<p>In Barcelona,\u00a0Hamburg, Mailand, Wien und anderen europ\u00e4ischen St\u00e4dten werden am 1. Mai \u201cMAYDAY! Paraden\u201d ausgetragen. Barcelona und Mailand waren die Vorreiterst\u00e4dte, von wo aus die MAYDAY! Bewegung seit 2001 mittlerweile ihre Verbreitung auch \u00fcber Europa hinaus fand.<\/p>\n<p>Auf <a href=\"http:\/\/www.protestmedia.net\/cms\/front_content.php?idcat=110\" target=\"_blank\" rel=\"noopener\">www.protestmedia.net<\/a> findet sich das europaweite EuroMayDay Archiv. Unter <a href=\"http:\/\/euromayday.org\/\" target=\"_blank\" rel=\"noopener\">www.euromayday.org<\/a> die zentrale Website.<\/p>\n<h3>LET\u00b4S ORGANIZE!<\/h3>\n<p>Tagung zu (Selbst-)Organisierungspraxen im Kontext gegenw\u00e4rtiger Prekarisierungsprozesse. F\u00fcr den Kampf um gleiche soziale Rechte f\u00fcr alle! 29. und 30. M\u00e4rz 2007.\u00a0<a href=\"http:\/\/organize.prekaer.at\/\">Weiterlesen&#8230;<\/a><\/p>\n<h3>EUROMAYDAY 005<\/h3>\n<blockquote><p><img loading=\"lazy\" decoding=\"async\" class=\"alignleft\" src=\"https:\/\/mayday.jetzt\/wp-content\/uploads\/2018\/03\/mayday06.jpg\" alt=\"\" width=\"106\" height=\"138\" \/>\u00bbMayDay! MayDay! Wir sind das Prekariat! Auf Abruf verf\u00fcgbar, nach Belieben auszubeuten und k\u00fcndigbar nach Lust und Laune: Wir sind wendige JongleurInnen unserer Jobs, wahre Schlangenmenschen der Flexibilit\u00e4t. Aber seid auf der Hut: Wir sind drauf und dran, unsere prek\u00e4ren K\u00e4mpfe zu vernetzen!\u00ab <a href=\"http:\/\/mayday005.prekaer.at\/\" target=\"_blank\" rel=\"noopener\">Weiterlesen&#8230;<\/a><\/p><\/blockquote>\n<p>&nbsp;<\/p>\n<h3>EUROMAYDAY 006<\/h3>\n<blockquote><p><img loading=\"lazy\" decoding=\"async\" class=\" alignleft\" src=\"http:\/\/mayday006.prekaer.at\/img\/plakat199_2006.gif\" alt=\"\" width=\"103\" height=\"118\" \/>Scheinbar unaufhaltsam schreitet die Prekarisierung der Arbeits- und Lebensverh\u00e4ltnisse voran \u2212 doch auch die K\u00e4mpfe f\u00fcr das Recht auf soziale Rechte gewinnen immer mehr an Bewegung. Deshalb wird es am 1. Mai wieder eine EuroMayDay-Parade in Wien geben, um diesen K\u00e4mpfen als Verst\u00e4rkerin zu dienen und ihre Vernetzung voranzutreiben.\u00a0<a href=\"http:\/\/mayday006.prekaer.at\/\" target=\"_blank\" rel=\"noopener\">Weiterlesen&#8230;<\/a><\/p><\/blockquote>\n<h3>EUROMAYDAY 007<\/h3>\n<blockquote><p><img loading=\"lazy\" decoding=\"async\" class=\" alignleft\" src=\"https:\/\/mayday.jetzt\/wp-content\/uploads\/2018\/03\/mayday07.png\" alt=\"\" width=\"107\" height=\"138\" \/>Zum dritten Mal findet am 1. Mai auch 2007 die MayDay-Parade in Wien statt, mit der auf die fortschreitende Prekarisierung der Lebens- und Arbeitsverh\u00e4ltnisse aufmerksam gemacht werden soll. Sinn der Parade ist nicht nur, durch lustvolle Selbstorganisation auf diesen bedrohlichen Prozess hinzuweisen &#8211; der Mayday ist auch eine Einladung, nicht fragmentiert, f\u00fcr sich alleine, sondern vernetzt mit anderen zu k\u00e4mpfen! <a href=\"http:\/\/mayday007.prekaer.at\/\" target=\"_blank\" rel=\"noopener\">Weiterlesen&#8230;<\/a><\/p><\/blockquote>\n<h3>EuroMayDay 008<\/h3>\n<p><a href=\"http:\/\/mayday008.prekaer.at\" target=\"_blank\" rel=\"noopener\">Weiterlesen&#8230;<\/a><\/p>\n<h3>EuroMayDay 011<\/h3>\n<blockquote><p><img loading=\"lazy\" decoding=\"async\" class=\" wp-image-251 alignleft\" title=\"PLAKATmayday\" src=\"https:\/\/mayday.jetzt\/wp-content\/uploads\/2018\/03\/PLAKATmayday.jpg\" alt=\"\" width=\"116\" height=\"136\" \/><\/p>\n<p>Musst du arbeiten? Willst du arbeiten? Hast du bezahlte Arbeit? Darfst du arbeiten? Darfst du hier leben? Wovon lebst du? Hast du freie Zeit? Was machst du, wenn du krank bist? Was machst du im Alter? Was w\u00fcn<\/p>\n<p>schst du dir? Was setzt du deiner Prekarisierung entgegen? Wie organisierst du dich? Wir pfeifen auf die Karotte vor der Nase, die das sch\u00f6ne Leben versprechen soll. Wir sagen der Entsicherung der Lebens- und Arbeitsverh\u00e4ltnisse den Kampf an. Am 1. Mai hei\u00dft es daher wieder: MAYDAY! MAYDAY! Auf zur Parade der Prek\u00e4ren! Die MAYDAY!-Parade in Wien verbindet die Vereinzelten, st\u00e4rkt die Verunsicherten und schafft Aktionsradius. Wehren wir uns gemeinsam! <a href=\"https:\/\/mayday.jetzt\/index.php\/aufrufe\/\" target=\"_blank\" rel=\"noopener\">Weiterlesen&#8230;<\/a><\/p><\/blockquote>\n<h3>EuroMayDay 012-014<\/h3>\n<p>Die Aufrufe 2012 bis 2014 finden sich hier. <a href=\"https:\/\/mayday.jetzt\/index.php\/aufrufe\/\" target=\"_blank\" rel=\"noopener\">Weiterlesen&#8230;<\/a><\/p>\n<p>Die Materialien 2012 bis 2014 finden sich hier. <a href=\"https:\/\/mayday.jetzt\/index.php\/materialien\/\" target=\"_blank\" rel=\"noopener\">Weiterlesen&#8230;<\/a><\/p>\n<h3>EUROMAYDAY Wien<\/h3>\n<p>Hier findet ihr das gesamt EuroMayDay [Wien] Archiv seit 2005. <a href=\"http:\/\/euromayday.at\">Weiterlesen&#8230;<\/a><\/p>\n","protected":false},"excerpt":{"rendered":"<p>MAYDAY 2016 &#8211; Die *MAYDAY* bietet seit 2005 einen Bezugspunkt f\u00fcr soziale K\u00e4mpfe in Wien. Mit einigen Unterbrechungen (2009-10, 2015) gehen wir gemeinsam auf die Stra\u00dfe, um prek\u00e4re Verh\u00e4ltnisse auf lebhafte und kollektive Weise zu thematisieren. Prekarisierung bedeutet der Wandel von rechtlich und sozial abgesicherten Lebens- und Arbeitsverh\u00e4ltnissen hin zu unsicheren, weil widerruflichen oder nicht &hellip; <\/p>\n<p class=\"link-more\"><a href=\"https:\/\/mayday.jetzt\/index.php\/archiv\/\" class=\"more-link\"><span class=\"screen-reader-text\">\u201ebisherige Paraden!\u201c<\/span> weiterlesen<\/a><\/p>\n","protected":false},"author":2,"featured_media":0,"parent":0,"menu_order":0,"comment_status":"closed","ping_status":"closed","template":"","meta":{"footnotes":""},"class_list":["post-20","page","type-page","status-publish","hentry","entry"],"_links":{"self":[{"href":"https:\/\/mayday.jetzt\/index.php\/wp-json\/wp\/v2\/pages\/20","targetHints":{"allow":["GET"]}}],"collection":[{"href":"https:\/\/mayday.jetzt\/index.php\/wp-json\/wp\/v2\/pages"}],"about":[{"href":"https:\/\/mayday.jetzt\/index.php\/wp-json\/wp\/v2\/types\/page"}],"author":[{"embeddable":true,"href":"https:\/\/mayday.jetzt\/index.php\/wp-json\/wp\/v2\/users\/2"}],"replies":[{"embeddable":true,"href":"https:\/\/mayday.jetzt\/index.php\/wp-json\/wp\/v2\/comments?post=20"}],"version-history":[{"count":6,"href":"https:\/\/mayday.jetzt\/index.php\/wp-json\/wp\/v2\/pages\/20\/revisions"}],"predecessor-version":[{"id":697,"href":"https:\/\/mayday.jetzt\/index.php\/wp-json\/wp\/v2\/pages\/20\/revisions\/697"}],"wp:attachment":[{"href":"https:\/\/mayday.jetzt\/index.php\/wp-json\/wp\/v2\/media?parent=20"}],"curies":[{"name":"wp","href":"https:\/\/api.w.org\/{rel}","templated":true}]}}